{"id":7398,"date":"2023-03-17T07:36:51","date_gmt":"2023-03-17T07:36:51","guid":{"rendered":"https:\/\/developer.wordpress-developer.us\/disagro-cr\/?post_type=product&#038;p=7398"},"modified":"2023-03-17T07:41:29","modified_gmt":"2023-03-17T07:41:29","slug":"brodal","status":"publish","type":"product","link":"https:\/\/developer.wordpress-developer.us\/disagro-cr\/product\/brodal\/","title":{"rendered":"Brodal\u00ae"},"content":{"rendered":"<p><strong class=\"texto-1\">Caracter\u00edsticas<\/strong><br \/>\nEs un fungicida de contacto a base de propineb 700 g\/kg. Pertenece a la familia de los ditiocarbamatos. Act\u00faa inhibiendo la germinaci\u00f3n de esporas y el crecimiento del micelio. Con formulaci\u00f3n de polvo mojable (WP).<\/p>\n<p><strong class=\"texto-1\">Beneficios<\/strong><\/p>\n<ul>\n<li>Formulaci\u00f3n de polvo fino que mejora la dispersi\u00f3n del producto en el agua.<\/li>\n<li>Bajo riesgo de resistencia del pat\u00f3geno al producto.<\/li>\n<li>Aporte de zinc al cultivo.<\/li>\n<\/ul>\n<p><strong class=\"texto-1\"><br \/>\nRecomendaciones de uso<\/strong><\/p>\n<ul>\n<li>Aplicar de manera preventiva a la enfermedad<\/li>\n<li>Para una mejor dispersi\u00f3n y penetraci\u00f3n utilizarlo en mezcla con Disawett\u00ae 90 a una dosis de 1 &#8211; 3 cc\/L.<\/li>\n<li>Utilizar un volumen de mezcla de 265 L\/mz.<\/li>\n<li>Para mayor informaci\u00f3n consultar ficha t\u00e9cnica.<\/li>\n<\/ul>\n<p>&nbsp;<\/p>\n<p><strong>Dosis:\u00a0<\/strong>\u00a01 &#8211; 1.75 kg\/mz o 1.5 &#8211; 2.5 kg\/ha.<\/p>\n","protected":false},"excerpt":{"rendered":"<p>Es un fungicida protectante de contacto a base de propineb para el control de un amplio espectro de pat\u00f3genos.<\/p>\n","protected":false},"featured_media":7406,"comment_status":"open","ping_status":"closed","template":"","meta":[],"product_brand":[],"product_cat":[79,95],"product_tag":[],"class_list":{"0":"post-7398","1":"product","2":"type-product","3":"status-publish","4":"has-post-thumbnail","6":"product_cat-proteccion-de-cultivos","7":"product_cat-fungicidas-proteccion-de-cultivos","9":"first","10":"instock","11":"virtual","12":"product-type-simple"},"acf":[],"_links":{"self":[{"href":"https:\/\/developer.wordpress-developer.us\/disagro-cr\/wp-json\/wp\/v2\/product\/7398","targetHints":{"allow":["GET"]}}],"collection":[{"href":"https:\/\/developer.wordpress-developer.us\/disagro-cr\/wp-json\/wp\/v2\/product"}],"about":[{"href":"https:\/\/developer.wordpress-developer.us\/disagro-cr\/wp-json\/wp\/v2\/types\/product"}],"replies":[{"embeddable":true,"href":"https:\/\/developer.wordpress-developer.us\/disagro-cr\/wp-json\/wp\/v2\/comments?post=7398"}],"wp:featuredmedia":[{"embeddable":true,"href":"https:\/\/developer.wordpress-developer.us\/disagro-cr\/wp-json\/wp\/v2\/media\/7406"}],"wp:attachment":[{"href":"https:\/\/developer.wordpress-developer.us\/disagro-cr\/wp-json\/wp\/v2\/media?parent=7398"}],"wp:term":[{"taxonomy":"product_brand","embeddable":true,"href":"https:\/\/developer.wordpress-developer.us\/disagro-cr\/wp-json\/wp\/v2\/product_brand?post=7398"},{"taxonomy":"product_cat","embeddable":true,"href":"https:\/\/developer.wordpress-developer.us\/disagro-cr\/wp-json\/wp\/v2\/product_cat?post=7398"},{"taxonomy":"product_tag","embeddable":true,"href":"https:\/\/developer.wordpress-developer.us\/disagro-cr\/wp-json\/wp\/v2\/product_tag?post=7398"}],"curies":[{"name":"wp","href":"https:\/\/api.w.org\/{rel}","templated":true}]}}