{"id":7445,"date":"2023-03-17T08:00:55","date_gmt":"2023-03-17T08:00:55","guid":{"rendered":"https:\/\/developer.wordpress-developer.us\/disagro-cr\/?post_type=product&#038;p=7445"},"modified":"2023-03-17T08:02:49","modified_gmt":"2023-03-17T08:02:49","slug":"pastizal","status":"publish","type":"product","link":"https:\/\/developer.wordpress-developer.us\/disagro-cr\/product\/pastizal\/","title":{"rendered":"Pastizal\u00ae"},"content":{"rendered":"<p><strong class=\"texto-1\">Caracter\u00edsticas<\/strong><br \/>\nEs un herbicida a base de 2,4-D y picloram 304 g\/L. Pertenece a la familia de los \u00e1cidos carboxilicos y pyridinas. Act\u00faa en los puntos de crecimiento de la parte a\u00e9rea hasta la ra\u00edz, logrando la muerte total de la maleza. Con formulaci\u00f3n de concentrado soluble (SL).<\/p>\n<p><strong class=\"texto-1\">Beneficios<\/strong><\/p>\n<ul>\n<li>Herbicida selectivo de amplio espectro para el control de malezas de hoja ancha y cyperaceas.<\/li>\n<li>Seguro para el ganado.<\/li>\n<\/ul>\n<p><strong class=\"texto-1\"><br \/>\nRecomendaciones de uso<\/strong><\/p>\n<ul>\n<li>Si el pH del agua est\u00e1 arriba de 5, se recomienda utilizar Disawett\u00ae pH a una dosis de 1 cc\/L de agua.<\/li>\n<li>Para una mejor cobertura mezclar con Disawett\u00ae Maxx a una dosis de 0.25 cc\/L de mezcla.<\/li>\n<li>Aplicar en los primeros estad\u00edos cuando las malezas est\u00e9n en pleno desarrollo y haya suficiente humedad en el suelo.<\/li>\n<li>No mezclar con productos de reacci\u00f3n alcalina.<\/li>\n<li>Para mayor informaci\u00f3n consultar ficha t\u00e9cnica.<\/li>\n<\/ul>\n<p>&nbsp;<\/p>\n<p><strong>Dosis:<\/strong>\u00a0\u00a00.14 &#8211; 2.8 L\/mz o 0.2 &#8211; 4 L\/ha.<\/p>\n","protected":false},"excerpt":{"rendered":"<p>Es un herbicida sist\u00e9mico postemergente a base 2,4-D y picloram para el control de malezas de hojas anchas.<\/p>\n","protected":false},"featured_media":7448,"comment_status":"open","ping_status":"closed","template":"","meta":[],"product_brand":[],"product_cat":[79,96],"product_tag":[],"class_list":{"0":"post-7445","1":"product","2":"type-product","3":"status-publish","4":"has-post-thumbnail","6":"product_cat-proteccion-de-cultivos","7":"product_cat-herbicidas-proteccion-de-cultivos","9":"first","10":"instock","11":"virtual","12":"product-type-simple"},"acf":[],"_links":{"self":[{"href":"https:\/\/developer.wordpress-developer.us\/disagro-cr\/wp-json\/wp\/v2\/product\/7445","targetHints":{"allow":["GET"]}}],"collection":[{"href":"https:\/\/developer.wordpress-developer.us\/disagro-cr\/wp-json\/wp\/v2\/product"}],"about":[{"href":"https:\/\/developer.wordpress-developer.us\/disagro-cr\/wp-json\/wp\/v2\/types\/product"}],"replies":[{"embeddable":true,"href":"https:\/\/developer.wordpress-developer.us\/disagro-cr\/wp-json\/wp\/v2\/comments?post=7445"}],"wp:featuredmedia":[{"embeddable":true,"href":"https:\/\/developer.wordpress-developer.us\/disagro-cr\/wp-json\/wp\/v2\/media\/7448"}],"wp:attachment":[{"href":"https:\/\/developer.wordpress-developer.us\/disagro-cr\/wp-json\/wp\/v2\/media?parent=7445"}],"wp:term":[{"taxonomy":"product_brand","embeddable":true,"href":"https:\/\/developer.wordpress-developer.us\/disagro-cr\/wp-json\/wp\/v2\/product_brand?post=7445"},{"taxonomy":"product_cat","embeddable":true,"href":"https:\/\/developer.wordpress-developer.us\/disagro-cr\/wp-json\/wp\/v2\/product_cat?post=7445"},{"taxonomy":"product_tag","embeddable":true,"href":"https:\/\/developer.wordpress-developer.us\/disagro-cr\/wp-json\/wp\/v2\/product_tag?post=7445"}],"curies":[{"name":"wp","href":"https:\/\/api.w.org\/{rel}","templated":true}]}}